CRAN Package Check Results for Package adehabitatMA

Last updated on 2021-11-27 10:51:59 CET.

Flavor Version Tinstall Tcheck Ttotal Status Flags
r-devel-linux-x86_64-debian-clang 0.3.14 OK
r-devel-linux-x86_64-debian-gcc 0.3.14 5.92 45.80 51.72 OK
r-devel-linux-x86_64-fedora-clang 0.3.14 93.45 NOTE
r-devel-linux-x86_64-fedora-gcc 0.3.14 83.95 NOTE
r-devel-windows-x86_64-new-UL 0.3.14 32.00 130.00 162.00 OK
r-devel-windows-x86_64-new-TK 0.3.14 NOTE
r-devel-windows-x86_64-old 0.3.14 11.00 97.00 108.00 OK
r-patched-linux-x86_64 0.3.14 8.57 56.11 64.68 OK
r-patched-solaris-x86 0.3.14 119.80 NOTE
r-release-linux-x86_64 0.3.14 OK
r-release-macos-arm64 0.3.14 NOTE
r-release-macos-x86_64 0.3.14 NOTE
r-release-windows-ix86+x86_64 0.3.14 21.00 80.00 101.00 OK
r-oldrel-macos-x86_64 0.3.14 NOTE
r-oldrel-windows-ix86+x86_64 0.3.14 15.00 128.00 143.00 OK

Check Details

Version: 0.3.14
Check: dependencies in R code
Result: NOTE
    Namespace in Imports field not imported from: ‘filehash’
     All declared Imports should be used.
Flavors: r-devel-linux-x86_64-fedora-clang, r-devel-linux-x86_64-fedora-gcc, r-devel-windows-x86_64-new-TK, r-patched-solaris-x86, r-release-macos-arm64, r-release-macos-x86_64, r-oldrel-macos-x86_64