Last updated on 2022-05-17 10:49:39 CEST.
Flavor | Version | Tinstall | Tcheck | Ttotal | Status | Flags |
---|---|---|---|---|---|---|
r-devel-linux-x86_64-debian-clang | 1.1 | 3.23 | 41.34 | 44.57 | OK | |
r-devel-linux-x86_64-debian-gcc | 1.1 | 2.54 | 30.99 | 33.53 | OK | |
r-devel-linux-x86_64-fedora-clang | 1.1 | 52.84 | NOTE | |||
r-devel-linux-x86_64-fedora-gcc | 1.1 | 51.33 | NOTE | |||
r-devel-windows-x86_64 | 1.1 | 18.00 | 56.00 | 74.00 | OK | |
r-patched-linux-x86_64 | 1.1 | 3.10 | 39.82 | 42.92 | OK | |
r-release-linux-x86_64 | 1.1 | 3.40 | 39.73 | 43.13 | OK | |
r-release-macos-arm64 | 1.1 | 18.00 | NOTE | |||
r-release-macos-x86_64 | 1.1 | 24.00 | NOTE | |||
r-release-windows-x86_64 | 1.1 | 22.00 | 54.00 | 76.00 | OK | |
r-oldrel-macos-arm64 | 1.1 | 22.00 | NOTE | |||
r-oldrel-macos-x86_64 | 1.1 | 32.00 | NOTE | |||
r-oldrel-windows-ix86+x86_64 | 1.1 | 7.00 | 49.00 | 56.00 | OK |
Version: 1.1
Check: dependencies in R code
Result: NOTE
Namespace in Imports field not imported from: ‘Benchmarking’
All declared Imports should be used.
Flavors: r-devel-linux-x86_64-fedora-clang, r-devel-linux-x86_64-fedora-gcc, r-release-macos-arm64, r-release-macos-x86_64, r-oldrel-macos-arm64, r-oldrel-macos-x86_64