CRAN Package Check Results for Package ace2fastq

Last updated on 2022-11-26 10:00:36 CET.

Flavor Version Tinstall Tcheck Ttotal Status Flags
r-devel-linux-x86_64-debian-clang 0.6.0 1.92 26.96 28.88 NOTE
r-devel-linux-x86_64-debian-gcc 0.6.0 1.42 21.50 22.92 NOTE
r-devel-linux-x86_64-fedora-clang 0.6.0 48.12 NOTE
r-devel-windows-x86_64 0.6.0 11.00 59.00 70.00 NOTE
r-patched-linux-x86_64 0.6.0 NOTE
r-release-linux-x86_64 0.6.0 1.52 27.11 28.63 NOTE
r-release-macos-arm64 0.6.0 20.00 NOTE
r-release-macos-x86_64 0.6.0 26.00 NOTE
r-release-windows-x86_64 0.6.0 14.00 59.00 73.00 NOTE
r-oldrel-macos-arm64 0.6.0 21.00 NOTE
r-oldrel-macos-x86_64 0.6.0 26.00 NOTE
r-oldrel-windows-ix86+x86_64 0.6.0 6.00 54.00 60.00 NOTE

Check Details

Version: 0.6.0
Check: LazyData
Result: NOTE
     'LazyData' is specified without a 'data' directory
Flavors: r-devel-linux-x86_64-debian-clang, r-devel-linux-x86_64-debian-gcc, r-devel-linux-x86_64-fedora-clang, r-devel-windows-x86_64, r-patched-linux-x86_64, r-release-linux-x86_64, r-release-macos-arm64, r-release-macos-x86_64, r-release-windows-x86_64, r-oldrel-macos-arm64, r-oldrel-macos-x86_64, r-oldrel-windows-ix86+x86_64