Last updated on 2023-05-27 10:54:47 CEST.
Flavor | Version | Tinstall | Tcheck | Ttotal | Status | Flags |
---|---|---|---|---|---|---|
r-devel-linux-x86_64-debian-clang | 1.3.3 | 74.72 | 86.00 | 160.72 | OK | |
r-devel-linux-x86_64-debian-gcc | 1.3.3 | 56.23 | 65.16 | 121.39 | OK | |
r-devel-linux-x86_64-fedora-clang | 1.3.3 | 223.52 | NOTE | |||
r-devel-linux-x86_64-fedora-gcc | 1.3.3 | 234.78 | NOTE | |||
r-devel-windows-x86_64 | 1.3.3 | 59.00 | 105.00 | 164.00 | OK | |
r-patched-linux-x86_64 | 1.3.3 | 60.11 | 81.92 | 142.03 | OK | |
r-release-linux-x86_64 | 1.3.3 | 61.69 | 81.90 | 143.59 | OK | |
r-release-macos-arm64 | 1.3.3 | 59.00 | OK | |||
r-release-macos-x86_64 | 1.3.3 | 92.00 | OK | |||
r-release-windows-x86_64 | 1.3.3 | 75.00 | 119.00 | 194.00 | OK | |
r-oldrel-macos-arm64 | 1.3.3 | 59.00 | OK | |||
r-oldrel-macos-x86_64 | 1.3.3 | 71.00 | OK | |||
r-oldrel-windows-x86_64 | 1.3.3 | 70.00 | 120.00 | 190.00 | OK |
Version: 1.3.3
Check: compiled code
Result: NOTE
File ‘acc/libs/acc.so’:
Found no calls to: ‘R_registerRoutines’, ‘R_useDynamicSymbols’
It is good practice to register native routines and to disable symbol
search.
See ‘Writing portable packages’ in the ‘Writing R Extensions’ manual.
Flavors: r-devel-linux-x86_64-fedora-clang, r-devel-linux-x86_64-fedora-gcc