CRAN Package Check Results for Package abnormality

Last updated on 2022-12-04 09:55:11 CET.

Flavor Version Tinstall Tcheck Ttotal Status Flags
r-devel-linux-x86_64-debian-clang 0.1.0 1.36 23.14 24.50 NOTE
r-devel-linux-x86_64-debian-gcc 0.1.0 1.69 18.18 19.87 NOTE
r-devel-linux-x86_64-fedora-clang 0.1.0 42.79 NOTE
r-devel-linux-x86_64-fedora-gcc 0.1.0 40.58 NOTE
r-devel-windows-x86_64 0.1.0 6.00 52.00 58.00 NOTE
r-patched-linux-x86_64 0.1.0 2.07 22.79 24.86 NOTE
r-release-linux-x86_64 0.1.0 2.08 22.98 25.06 NOTE
r-release-macos-arm64 0.1.0 15.00 NOTE
r-release-macos-x86_64 0.1.0 21.00 NOTE
r-release-windows-x86_64 0.1.0 18.00 50.00 68.00 NOTE
r-oldrel-macos-arm64 0.1.0 21.00 NOTE
r-oldrel-macos-x86_64 0.1.0 25.00 NOTE
r-oldrel-windows-ix86+x86_64 0.1.0 5.00 47.00 52.00 NOTE

Check Details

Version: 0.1.0
Check: package subdirectories
Result: NOTE
    Problems with news in 'NEWS.md':
    No news entries found.
Flavors: r-devel-linux-x86_64-debian-clang, r-devel-linux-x86_64-debian-gcc, r-devel-linux-x86_64-fedora-clang, r-devel-linux-x86_64-fedora-gcc, r-devel-windows-x86_64

Version: 0.1.0
Check: LazyData
Result: NOTE
     'LazyData' is specified without a 'data' directory
Flavors: r-devel-linux-x86_64-debian-clang, r-devel-linux-x86_64-debian-gcc, r-devel-linux-x86_64-fedora-clang, r-devel-linux-x86_64-fedora-gcc, r-devel-windows-x86_64, r-patched-linux-x86_64, r-release-linux-x86_64, r-release-macos-arm64, r-release-macos-x86_64, r-release-windows-x86_64, r-oldrel-macos-arm64, r-oldrel-macos-x86_64, r-oldrel-windows-ix86+x86_64