CRAN Package Check Results for Package abcrf

Last updated on 2022-12-07 10:49:52 CET.

Flavor Version Tinstall Tcheck Ttotal Status Flags
r-devel-linux-x86_64-debian-clang 1.9 86.53 105.11 191.64 OK
r-devel-linux-x86_64-debian-gcc 1.9 67.36 78.96 146.32 OK
r-devel-linux-x86_64-fedora-clang 1.9 274.83 OK
r-devel-linux-x86_64-fedora-gcc 1.9 249.18 OK
r-devel-windows-x86_64 1.9 73.00 149.00 222.00 OK
r-patched-linux-x86_64 1.9 77.34 99.23 176.57 OK
r-release-linux-x86_64 1.9 59.19 100.36 159.55 OK
r-release-macos-arm64 1.9 61.00 NOTE
r-release-macos-x86_64 1.9 85.00 NOTE
r-release-windows-x86_64 1.9 73.00 149.00 222.00 OK
r-oldrel-macos-arm64 1.9 63.00 NOTE
r-oldrel-macos-x86_64 1.9 86.00 NOTE
r-oldrel-windows-ix86+x86_64 1.9 199.00 185.00 384.00 NOTE

Check Details

Version: 1.9
Check: installed package size
Result: NOTE
     installed size is 5.4Mb
     sub-directories of 1Mb or more:
     data 2.6Mb
     libs 2.5Mb
Flavors: r-release-macos-arm64, r-release-macos-x86_64, r-oldrel-macos-arm64, r-oldrel-macos-x86_64, r-oldrel-windows-ix86+x86_64