CRAN Package Check Results for Package aPCoA

Last updated on 2022-01-26 09:49:32 CET.

Flavor Version Tinstall Tcheck Ttotal Status Flags
r-devel-linux-x86_64-debian-clang 1.3 7.36 85.73 93.09 OK
r-devel-linux-x86_64-debian-gcc 1.3 7.76 67.40 75.16 OK
r-devel-linux-x86_64-fedora-clang 1.3 112.25 OK
r-devel-linux-x86_64-fedora-gcc 1.3 111.94 OK
r-devel-windows-x86_64-new-UL 1.3 14.00 100.00 114.00 OK
r-devel-windows-x86_64-new-TK 1.3 ERROR
r-patched-linux-x86_64 1.3 7.53 78.07 85.60 OK
r-release-linux-x86_64 1.3 8.01 78.36 86.37 OK
r-release-macos-arm64 1.3 OK
r-release-macos-x86_64 1.3 OK
r-release-windows-ix86+x86_64 1.3 24.00 108.00 132.00 OK
r-oldrel-macos-x86_64 1.3 OK
r-oldrel-windows-ix86+x86_64 1.3 25.00 105.00 130.00 OK

Check Details

Version: 1.3
Check: package dependencies
Result: ERROR
    Package required but not available: 'car'
    
    See section 'The DESCRIPTION file' in the 'Writing R Extensions'
    manual.
Flavor: r-devel-windows-x86_64-new-TK