CRAN Package Check Results for Package aMNLFA

Last updated on 2022-11-29 09:52:08 CET.

Flavor Version Tinstall Tcheck Ttotal Status Flags
r-devel-linux-x86_64-debian-clang 1.1.2 4.21 39.44 43.65 OK
r-devel-linux-x86_64-debian-gcc 1.1.2 4.78 30.10 34.88 OK
r-devel-linux-x86_64-fedora-clang 1.1.2 66.98 NOTE
r-devel-linux-x86_64-fedora-gcc 1.1.2 63.64 NOTE
r-devel-windows-x86_64 1.1.2 19.00 66.00 85.00 OK
r-patched-linux-x86_64 1.1.2 6.48 36.97 43.45 OK
r-release-linux-x86_64 1.1.2 4.07 37.09 41.16 OK
r-release-macos-arm64 1.1.2 17.00 NOTE
r-release-macos-x86_64 1.1.2 36.00 NOTE
r-release-windows-x86_64 1.1.2 22.00 66.00 88.00 OK
r-oldrel-macos-arm64 1.1.2 19.00 NOTE
r-oldrel-macos-x86_64 1.1.2 27.00 NOTE
r-oldrel-windows-ix86+x86_64 1.1.2 14.00 61.00 75.00 OK

Check Details

Version: 1.1.2
Check: dependencies in R code
Result: NOTE
    Namespaces in Imports field not imported from:
     ‘devtools’ ‘dplyr’ ‘gridExtra’
     All declared Imports should be used.
Flavors: r-devel-linux-x86_64-fedora-clang, r-devel-linux-x86_64-fedora-gcc, r-release-macos-arm64, r-release-macos-x86_64, r-oldrel-macos-arm64, r-oldrel-macos-x86_64