CRAN Package Check Results for Package XBRL

Last updated on 2022-12-01 09:59:46 CET.

Flavor Version Tinstall Tcheck Ttotal Status Flags
r-devel-linux-x86_64-debian-clang 0.99.19.1 106.21 31.87 138.08 OK
r-devel-linux-x86_64-debian-gcc 0.99.19.1 83.27 24.74 108.01 OK
r-devel-linux-x86_64-fedora-clang 0.99.19.1 229.31 OK
r-devel-linux-x86_64-fedora-gcc 0.99.19.1 189.06 OK
r-devel-windows-x86_64 0.99.19.1 173.00 90.00 263.00 OK
r-patched-linux-x86_64 0.99.19.1 92.76 31.21 123.97 OK
r-release-linux-x86_64 0.99.19.1 86.17 30.93 117.10 OK
r-release-macos-arm64 0.99.19.1 48.00 OK
r-release-macos-x86_64 0.99.19.1 62.00 OK
r-release-windows-x86_64 0.99.19.1 88.00 88.00 176.00 OK
r-oldrel-macos-arm64 0.99.19.1 55.00 OK
r-oldrel-macos-x86_64 0.99.19.1 61.00 OK
r-oldrel-windows-ix86+x86_64 0.99.19.1 259.00 91.00 350.00 NOTE

Check Details

Version: 0.99.19.1
Check: installed package size
Result: NOTE
     installed size is 6.2Mb
     sub-directories of 1Mb or more:
     libs 6.1Mb
Flavor: r-oldrel-windows-ix86+x86_64