CRAN Package Check Results for Package WaveletGARCH

Last updated on 2024-02-29 10:48:57 CET.

Flavor Version Tinstall Tcheck Ttotal Status Flags
r-devel-linux-x86_64-debian-clang 0.1.1 11.01 119.43 130.44 NOTE
r-devel-linux-x86_64-debian-gcc 0.1.1 10.86 92.56 103.42 NOTE
r-devel-linux-x86_64-fedora-clang 0.1.1 168.35 NOTE
r-devel-linux-x86_64-fedora-gcc 0.1.1 160.44 NOTE
r-devel-windows-x86_64 0.1.1 13.00 98.00 111.00 NOTE
r-patched-linux-x86_64 0.1.1 9.27 118.39 127.66 NOTE
r-release-linux-x86_64 0.1.1 9.14 119.61 128.75 NOTE
r-release-macos-arm64 0.1.1 51.00 NOTE
r-release-macos-x86_64 0.1.1 84.00 NOTE
r-release-windows-x86_64 0.1.1 17.00 121.00 138.00 NOTE
r-oldrel-macos-arm64 0.1.1 45.00 NOTE
r-oldrel-windows-x86_64 0.1.1 17.00 123.00 140.00 NOTE

Check Details

Version: 0.1.1
Check: LazyData
Result: NOTE 'LazyData' is specified without a 'data' directory Flavors: r-devel-linux-x86_64-debian-clang, r-devel-linux-x86_64-debian-gcc, r-devel-linux-x86_64-fedora-clang, r-devel-linux-x86_64-fedora-gcc, r-devel-windows-x86_64, r-patched-linux-x86_64, r-release-linux-x86_64, r-release-macos-arm64, r-release-macos-x86_64, r-release-windows-x86_64, r-oldrel-macos-arm64, r-oldrel-windows-x86_64