CRAN Package Check Results for Package WSGeometry

Last updated on 2022-11-30 10:59:07 CET.

Flavor Version Tinstall Tcheck Ttotal Status Flags
r-devel-linux-x86_64-debian-clang 1.2.1 153.40 127.35 280.75 OK
r-devel-linux-x86_64-debian-gcc 1.2.1 119.25 95.62 214.87 OK
r-devel-linux-x86_64-fedora-clang 1.2.1 398.53 OK
r-devel-linux-x86_64-fedora-gcc 1.2.1 358.60 OK
r-devel-windows-x86_64 1.2.1 104.00 184.00 288.00 OK
r-patched-linux-x86_64 1.2.1 119.00 126.45 245.45 OK
r-release-linux-x86_64 1.2.1 123.60 127.68 251.28 OK
r-release-macos-arm64 1.2.1 111.00 NOTE
r-release-macos-x86_64 1.2.1 159.00 NOTE
r-release-windows-x86_64 1.2.1 127.00 178.00 305.00 OK
r-oldrel-macos-arm64 1.2.1 87.00 NOTE
r-oldrel-macos-x86_64 1.2.1 146.00 NOTE
r-oldrel-windows-ix86+x86_64 1.2.1 312.00 231.00 543.00 OK

Check Details

Version: 1.2.1
Check: installed package size
Result: NOTE
     installed size is 9.5Mb
     sub-directories of 1Mb or more:
     libs 9.3Mb
Flavors: r-release-macos-arm64, r-release-macos-x86_64, r-oldrel-macos-arm64, r-oldrel-macos-x86_64