CRAN Package Check Results for Package ViewPipeSteps

Last updated on 2022-12-09 10:00:38 CET.

Flavor Version Tinstall Tcheck Ttotal Status Flags
r-devel-linux-x86_64-debian-clang 0.1.0 2.25 23.39 25.64 OK
r-devel-linux-x86_64-debian-gcc 0.1.0 1.86 19.08 20.94 OK
r-devel-linux-x86_64-fedora-clang 0.1.0 43.66 NOTE
r-devel-linux-x86_64-fedora-gcc 0.1.0 41.78 NOTE
r-devel-windows-x86_64 0.1.0 15.00 51.00 66.00 OK
r-patched-linux-x86_64 0.1.0 1.65 22.51 24.16 OK
r-release-linux-x86_64 0.1.0 1.94 22.94 24.88 OK
r-release-macos-arm64 0.1.0 16.00 NOTE
r-release-macos-x86_64 0.1.0 26.00 NOTE
r-release-windows-x86_64 0.1.0 13.00 51.00 64.00 OK
r-oldrel-macos-arm64 0.1.0 14.00 NOTE
r-oldrel-macos-x86_64 0.1.0 22.00 NOTE
r-oldrel-windows-ix86+x86_64 0.1.0 6.00 45.00 51.00 OK

Check Details

Version: 0.1.0
Check: dependencies in R code
Result: NOTE
    Namespace in Imports field not imported from: ‘dplyr’
     All declared Imports should be used.
Flavors: r-devel-linux-x86_64-fedora-clang, r-devel-linux-x86_64-fedora-gcc, r-release-macos-arm64, r-release-macos-x86_64, r-oldrel-macos-arm64, r-oldrel-macos-x86_64