CRAN Package Check Results for Package VWPre

Last updated on 2022-11-29 10:01:17 CET.

Flavor Version Tinstall Tcheck Ttotal Status Flags
r-devel-linux-x86_64-debian-clang 1.2.4 12.16 130.66 142.82 OK
r-devel-linux-x86_64-debian-gcc 1.2.4 8.76 94.65 103.41 OK
r-devel-linux-x86_64-fedora-clang 1.2.4 185.14 NOTE
r-devel-linux-x86_64-fedora-gcc 1.2.4 174.17 OK
r-devel-windows-x86_64 1.2.4 35.00 166.00 201.00 OK
r-patched-linux-x86_64 1.2.4 11.66 118.88 130.54 OK
r-release-linux-x86_64 1.2.4 12.30 114.06 126.36 OK
r-release-macos-arm64 1.2.4 56.00 OK
r-release-macos-x86_64 1.2.4 90.00 OK
r-release-windows-x86_64 1.2.4 34.00 160.00 194.00 OK
r-oldrel-macos-arm64 1.2.4 67.00 OK
r-oldrel-macos-x86_64 1.2.4 76.00 OK
r-oldrel-windows-ix86+x86_64 1.2.4 25.00 154.00 179.00 OK

Check Details

Version: 1.2.4
Check: Rd cross-references
Result: NOTE
    Undeclared package ‘tibble’ in Rd xrefs
Flavor: r-devel-linux-x86_64-fedora-clang