Last updated on 2023-03-29 09:51:13 CEST.
Flavor | Version | Tinstall | Tcheck | Ttotal | Status | Flags |
---|---|---|---|---|---|---|
r-devel-linux-x86_64-debian-clang | 4.2.2 | 29.56 | 41.54 | 71.10 | OK | |
r-devel-linux-x86_64-debian-gcc | 4.2.2 | 21.56 | 33.33 | 54.89 | OK | |
r-devel-linux-x86_64-fedora-gcc | 4.2.2 | 108.09 | OK | |||
r-devel-windows-x86_64 | 4.2.2 | 85.00 | 205.00 | 290.00 | NOTE | |
r-patched-linux-x86_64 | 4.2.2 | 25.92 | 40.37 | 66.29 | OK | |
r-release-linux-x86_64 | 4.2.2 | 26.22 | 41.00 | 67.22 | OK | |
r-release-macos-arm64 | 4.2.2 | 59.00 | NOTE | |||
r-release-macos-x86_64 | 4.2.2 | 111.00 | NOTE | |||
r-release-windows-x86_64 | 4.2.2 | 68.00 | 208.00 | 276.00 | NOTE | |
r-oldrel-macos-arm64 | 4.2.2 | 63.00 | NOTE | |||
r-oldrel-macos-x86_64 | 4.2.2 | 121.00 | NOTE | |||
r-oldrel-windows-ix86+x86_64 | 4.2.2 | 113.00 | 217.00 | 330.00 | WARN |
Version: 4.2.2
Check: installed package size
Result: NOTE
installed size is 17.2Mb
sub-directories of 1Mb or more:
doc 1.7Mb
libs 15.3Mb
Flavors: r-devel-windows-x86_64, r-release-macos-arm64, r-release-macos-x86_64, r-release-windows-x86_64, r-oldrel-macos-arm64, r-oldrel-macos-x86_64, r-oldrel-windows-ix86+x86_64
Version: 4.2.2
Check: R code for possible problems
Result: NOTE
Initiating curl with CURL_SSL_BACKEND: openssl
Flavor: r-oldrel-windows-ix86+x86_64
Version: 4.2.2
Check: Rd files
Result: WARN
Initiating curl with CURL_SSL_BACKEND: openssl
Flavor: r-oldrel-windows-ix86+x86_64