CRAN Package Check Results for Package UCSCXenaShiny

Last updated on 2022-12-02 10:51:40 CET.

Flavor Version Tinstall Tcheck Ttotal Status Flags
r-devel-linux-x86_64-debian-clang 1.1.8 14.29 117.69 131.98 OK
r-devel-linux-x86_64-debian-gcc 1.1.8 11.55 85.22 96.77 OK
r-devel-linux-x86_64-fedora-clang 1.1.8 172.22 NOTE
r-devel-linux-x86_64-fedora-gcc 1.1.8 186.85 OK
r-devel-windows-x86_64 1.1.8 108.00 174.00 282.00 NOTE
r-patched-linux-x86_64 1.1.8 13.96 105.20 119.16 OK
r-release-linux-x86_64 1.1.8 12.99 111.47 124.46 OK
r-release-macos-arm64 1.1.8 51.00 NOTE
r-release-macos-x86_64 1.1.8 72.00 NOTE
r-release-windows-x86_64 1.1.8 119.00 170.00 289.00 NOTE
r-oldrel-macos-arm64 1.1.8 53.00 NOTE
r-oldrel-macos-x86_64 1.1.8 72.00 NOTE
r-oldrel-windows-ix86+x86_64 1.1.8 32.00 154.00 186.00 NOTE

Check Details

Version: 1.1.8
Check: installed package size
Result: NOTE
     installed size is 6.9Mb
     sub-directories of 1Mb or more:
     doc 1.4Mb
     shinyapp 3.5Mb
Flavors: r-devel-linux-x86_64-fedora-clang, r-devel-windows-x86_64, r-release-macos-arm64, r-release-macos-x86_64, r-release-windows-x86_64, r-oldrel-macos-arm64, r-oldrel-macos-x86_64, r-oldrel-windows-ix86+x86_64