CRAN Package Check Results for Package TrialSize

Last updated on 2023-06-01 10:58:32 CEST.

Flavor Version Tinstall Tcheck Ttotal Status Flags
r-devel-linux-x86_64-debian-clang 1.4 5.37 40.63 46.00 OK
r-devel-linux-x86_64-debian-gcc 1.4 5.13 31.52 36.65 OK
r-devel-linux-x86_64-fedora-clang 1.4 61.85 NOTE
r-devel-linux-x86_64-fedora-gcc 1.4 65.78 NOTE
r-devel-windows-x86_64 1.4 9.00 67.00 76.00 OK
r-patched-linux-x86_64 1.4 OK
r-release-linux-x86_64 1.4 5.73 38.96 44.69 OK
r-release-macos-arm64 1.4 21.00 OK
r-release-macos-x86_64 1.4 33.00 OK
r-release-windows-x86_64 1.4 9.00 80.00 89.00 OK
r-oldrel-macos-arm64 1.4 20.00 OK
r-oldrel-macos-x86_64 1.4 29.00 OK
r-oldrel-windows-x86_64 1.4 21.00 64.00 85.00 OK

Check Details

Version: 1.4
Check: compiled code
Result: NOTE
    File ‘TrialSize/libs/TrialSize.so’:
     Found no calls to: ‘R_registerRoutines’, ‘R_useDynamicSymbols’
    
    It is good practice to register native routines and to disable symbol
    search.
    
    See ‘Writing portable packages’ in the ‘Writing R Extensions’ manual.
Flavors: r-devel-linux-x86_64-fedora-clang, r-devel-linux-x86_64-fedora-gcc