CRAN Package Check Results for Package TreePar

Last updated on 2021-12-06 09:53:44 CET.

Flavor Version Tinstall Tcheck Ttotal Status Flags
r-devel-linux-x86_64-debian-clang 3.3 10.33 101.89 112.22 NOTE
r-devel-linux-x86_64-debian-gcc 3.3 10.86 78.65 89.51 NOTE
r-devel-linux-x86_64-fedora-clang 3.3 141.13 NOTE
r-devel-linux-x86_64-fedora-gcc 3.3 128.78 NOTE
r-devel-windows-x86_64-new-UL 3.3 23.00 133.00 156.00 NOTE
r-devel-windows-x86_64-new-TK 3.3 NOTE
r-devel-windows-x86_64-old 3.3 20.00 89.00 109.00 NOTE
r-patched-linux-x86_64 3.3 12.37 90.12 102.49 NOTE
r-release-linux-x86_64 3.3 11.52 97.64 109.16 NOTE
r-release-macos-arm64 3.3 NOTE
r-release-macos-x86_64 3.3 NOTE
r-release-windows-ix86+x86_64 3.3 26.00 118.00 144.00 NOTE
r-oldrel-macos-x86_64 3.3 NOTE
r-oldrel-windows-ix86+x86_64 3.3 26.00 119.00 145.00 NOTE

Check Details

Version: 3.3
Check: R code for possible problems
Result: NOTE
    LikAge: no visible global function definition for 'read.table'
    bd.ME.optim: no visible global function definition for 'optim'
    bd.ME.optim.rho: no visible global function definition for 'optim'
    bd.ME.optim.rho.all: no visible global function definition for 'optim'
    bd.MEyule.optim: no visible global function definition for 'optimize'
    bd.MEyule.optim: no visible global function definition for 'optim'
    bd.age.optim.matlab: no visible global function definition for
     'read.table'
    bd.groups.conf: no visible global function definition for 'uniroot'
    bd.shifts.plot: no visible global function definition for 'lines'
    bdsky.stt.optim: no visible global function definition for 'optim'
    create.mat: no visible global function definition for 'write.table'
    Undefined global functions or variables:
     lines optim optimize read.table uniroot write.table
    Consider adding
     importFrom("graphics", "lines")
     importFrom("stats", "optim", "optimize", "uniroot")
     importFrom("utils", "read.table", "write.table")
    to your NAMESPACE file.
Flavors: r-devel-linux-x86_64-debian-clang, r-devel-linux-x86_64-debian-gcc, r-devel-linux-x86_64-fedora-clang, r-devel-linux-x86_64-fedora-gcc, r-devel-windows-x86_64-new-UL, r-devel-windows-x86_64-new-TK, r-devel-windows-x86_64-old, r-patched-linux-x86_64, r-release-linux-x86_64, r-release-macos-arm64, r-release-macos-x86_64, r-release-windows-ix86+x86_64, r-oldrel-macos-x86_64, r-oldrel-windows-ix86+x86_64