CRAN Package Check Results for Package TraceAssist

Last updated on 2024-07-14 09:51:38 CEST.

Flavor Version Tinstall Tcheck Ttotal Status Flags
r-devel-linux-x86_64-debian-clang 0.1.0 9.08 82.84 91.92 OK
r-devel-linux-x86_64-debian-gcc 0.1.0 7.32 62.33 69.65 OK
r-devel-linux-x86_64-fedora-clang 0.1.0 113.73 NOTE
r-devel-linux-x86_64-fedora-gcc 0.1.0 109.27 NOTE
r-devel-windows-x86_64 0.1.0 9.00 75.00 84.00 OK
r-patched-linux-x86_64 0.1.0 9.64 79.41 89.05 OK
r-release-linux-x86_64 0.1.0 9.46 81.61 91.07 OK
r-release-macos-arm64 0.1.0 38.00 OK
r-release-macos-x86_64 0.1.0 53.00 OK
r-release-windows-x86_64 0.1.0 9.00 83.00 92.00 OK
r-oldrel-macos-arm64 0.1.0 39.00 OK
r-oldrel-macos-x86_64 0.1.0 59.00 OK
r-oldrel-windows-x86_64 0.1.0 12.00 95.00 107.00 OK

Check Details

Version: 0.1.0
Check: dependencies in R code
Result: NOTE Namespace in Imports field not imported from: ‘Matrix’ All declared Imports should be used. Flavors: r-devel-linux-x86_64-fedora-clang, r-devel-linux-x86_64-fedora-gcc