Last updated on 2023-03-27 09:50:30 CEST.
Flavor | Version | Tinstall | Tcheck | Ttotal | Status | Flags |
---|---|---|---|---|---|---|
r-devel-linux-x86_64-debian-clang | 1.2.2 | 56.09 | 418.07 | 474.16 | OK | |
r-devel-linux-x86_64-debian-gcc | 1.2.2 | 44.49 | 320.27 | 364.76 | OK | |
r-devel-linux-x86_64-fedora-clang | 1.2.2 | 587.81 | OK | |||
r-devel-linux-x86_64-fedora-gcc | 1.2.2 | 606.97 | OK | |||
r-devel-windows-x86_64 | 1.2.2 | 324.00 | 485.00 | 809.00 | OK | |
r-patched-linux-x86_64 | 1.2.2 | 46.00 | 425.08 | 471.08 | OK | |
r-release-linux-x86_64 | 1.2.2 | 43.93 | 432.98 | 476.91 | OK | |
r-release-macos-arm64 | 1.2.2 | 155.00 | NOTE | |||
r-release-macos-x86_64 | 1.2.2 | 211.00 | NOTE | |||
r-release-windows-x86_64 | 1.2.2 | 182.00 | 477.00 | 659.00 | OK | |
r-oldrel-macos-arm64 | 1.2.2 | 139.00 | NOTE | |||
r-oldrel-macos-x86_64 | 1.2.2 | 208.00 | NOTE | |||
r-oldrel-windows-ix86+x86_64 | 1.2.2 | 123.00 | 1009.00 | 1132.00 | OK |
Version: 1.2.2
Check: installed package size
Result: NOTE
installed size is 5.7Mb
sub-directories of 1Mb or more:
doc 1.7Mb
libs 3.4Mb
Flavors: r-release-macos-arm64, r-release-macos-x86_64, r-oldrel-macos-arm64, r-oldrel-macos-x86_64