Last updated on 2023-03-23 10:54:46 CET.
Flavor | Version | Tinstall | Tcheck | Ttotal | Status | Flags |
---|---|---|---|---|---|---|
r-devel-linux-x86_64-debian-clang | 0.12.10 | 19.11 | 154.69 | 173.80 | OK | |
r-devel-linux-x86_64-debian-gcc | 0.12.10 | 14.16 | 114.99 | 129.15 | OK | |
r-devel-linux-x86_64-fedora-clang | 0.12.10 | 224.50 | NOTE | |||
r-devel-linux-x86_64-fedora-gcc | 0.12.10 | 220.49 | OK | |||
r-devel-windows-x86_64 | 0.12.10 | 30.00 | 191.00 | 221.00 | OK | |
r-patched-linux-x86_64 | 0.12.10 | 23.61 | 139.56 | 163.17 | OK | |
r-release-linux-x86_64 | 0.12.10 | 16.26 | 136.46 | 152.72 | OK | |
r-release-macos-arm64 | 0.12.10 | 68.00 | OK | |||
r-release-macos-x86_64 | 0.12.10 | 112.00 | NOTE | |||
r-release-windows-x86_64 | 0.12.10 | 37.00 | 291.00 | 328.00 | OK | |
r-oldrel-macos-arm64 | 0.12.10 | 73.00 | NOTE | |||
r-oldrel-macos-x86_64 | 0.12.10 | 88.00 | NOTE | |||
r-oldrel-windows-ix86+x86_64 | 0.12.10 | 38.00 | 421.00 | 459.00 | OK |
Version: 0.12.10
Check: package dependencies
Result: NOTE
Package suggested but not available for checking: ‘dearseq’
Flavors: r-devel-linux-x86_64-fedora-clang, r-release-macos-x86_64, r-oldrel-macos-arm64, r-oldrel-macos-x86_64
Version: 0.12.10
Check: Rd cross-references
Result: NOTE
Package unavailable to check Rd xrefs: ‘dearseq’
Flavors: r-devel-linux-x86_64-fedora-clang, r-release-macos-x86_64, r-oldrel-macos-arm64, r-oldrel-macos-x86_64