CRAN Package Check Results for Package TailClassifier

Last updated on 2022-12-01 09:55:22 CET.

Flavor Version Tinstall Tcheck Ttotal Status Flags
r-devel-linux-x86_64-debian-clang 0.1.0 1.85 30.48 32.33 OK
r-devel-linux-x86_64-debian-gcc 0.1.0 1.33 21.56 22.89 OK
r-devel-linux-x86_64-fedora-clang 0.1.0 49.81 NOTE
r-devel-linux-x86_64-fedora-gcc 0.1.0 50.67 NOTE
r-devel-windows-x86_64 0.1.0 10.00 67.00 77.00 OK
r-patched-linux-x86_64 0.1.0 2.12 29.28 31.40 OK
r-release-linux-x86_64 0.1.0 1.47 28.94 30.41 OK
r-release-macos-arm64 0.1.0 17.00 NOTE
r-release-macos-x86_64 0.1.0 27.00 NOTE
r-release-windows-x86_64 0.1.0 8.00 56.00 64.00 OK
r-oldrel-macos-arm64 0.1.0 18.00 NOTE
r-oldrel-macos-x86_64 0.1.0 21.00 NOTE
r-oldrel-windows-ix86+x86_64 0.1.0 5.00 52.00 57.00 OK

Check Details

Version: 0.1.0
Check: dependencies in R code
Result: NOTE
    Namespace in Imports field not imported from: ‘readr’
     All declared Imports should be used.
Flavors: r-devel-linux-x86_64-fedora-clang, r-devel-linux-x86_64-fedora-gcc, r-release-macos-arm64, r-release-macos-x86_64, r-oldrel-macos-arm64, r-oldrel-macos-x86_64