CRAN Package Check Results for Package TSS.RESTREND

Last updated on 2022-10-05 10:51:55 CEST.

Flavor Version Tinstall Tcheck Ttotal Status Flags
r-devel-linux-x86_64-debian-clang 0.3.1 11.76 94.76 106.52 OK
r-devel-linux-x86_64-debian-gcc 0.3.1 9.62 68.88 78.50 OK
r-devel-linux-x86_64-fedora-clang 0.3.1 142.58 NOTE
r-devel-linux-x86_64-fedora-gcc 0.3.1 130.74 OK
r-devel-windows-x86_64 0.3.1 51.00 117.00 168.00 OK
r-patched-linux-x86_64 0.3.1 9.65 84.96 94.61 OK
r-release-linux-x86_64 0.3.1 11.59 86.99 98.58 OK
r-release-macos-arm64 0.3.1 36.00 OK
r-release-macos-x86_64 0.3.1 63.00 OK
r-release-windows-x86_64 0.3.1 44.00 268.00 312.00 OK
r-oldrel-macos-arm64 0.3.1 41.00 OK
r-oldrel-macos-x86_64 0.3.1 69.00 OK
r-oldrel-windows-ix86+x86_64 0.3.1 28.00 112.00 140.00 OK

Check Details

Version: 0.3.1
Check: Rd cross-references
Result: NOTE
    Undeclared package ‘gimms’ in Rd xrefs
Flavor: r-devel-linux-x86_64-fedora-clang