Last updated on 2023-03-23 10:54:47 CET.
Flavor | Version | Tinstall | Tcheck | Ttotal | Status | Flags |
---|---|---|---|---|---|---|
r-devel-linux-x86_64-debian-clang | 0.1.0 | 7.63 | 65.70 | 73.33 | OK | |
r-devel-linux-x86_64-debian-gcc | 0.1.0 | 5.87 | 49.53 | 55.40 | OK | |
r-devel-linux-x86_64-fedora-clang | 0.1.0 | 90.90 | OK | |||
r-devel-linux-x86_64-fedora-gcc | 0.1.0 | 89.03 | OK | |||
r-devel-windows-x86_64 | 0.1.0 | 13.00 | 284.00 | 297.00 | OK | |
r-patched-linux-x86_64 | 0.1.0 | 7.72 | 62.32 | 70.04 | OK | |
r-release-linux-x86_64 | 0.1.0 | 4.87 | 62.42 | 67.29 | OK | |
r-release-macos-arm64 | 0.1.0 | 30.00 | OK | |||
r-release-macos-x86_64 | 0.1.0 | 54.00 | OK | |||
r-release-windows-x86_64 | 0.1.0 | 13.00 | 103.00 | 116.00 | OK | |
r-oldrel-macos-arm64 | 0.1.0 | 25.00 | OK | |||
r-oldrel-macos-x86_64 | 0.1.0 | 38.00 | OK | |||
r-oldrel-windows-ix86+x86_64 | 0.1.0 | 18.00 | 91.00 | 109.00 | NOTE |
Version: 0.1.0
Check: R code for possible problems
Result: NOTE
Initiating curl with CURL_SSL_BACKEND: openssl
Flavor: r-oldrel-windows-ix86+x86_64