Last updated on 2023-03-25 09:51:41 CET.
Flavor | Version | Tinstall | Tcheck | Ttotal | Status | Flags |
---|---|---|---|---|---|---|
r-devel-linux-x86_64-debian-clang | 0.9.22 | 11.56 | 110.68 | 122.24 | OK | |
r-devel-linux-x86_64-debian-gcc | 0.9.22 | 10.39 | 85.16 | 95.55 | OK | |
r-devel-linux-x86_64-fedora-gcc | 0.9.22 | 157.44 | NOTE | |||
r-devel-windows-x86_64 | 0.9.22 | 31.00 | 403.00 | 434.00 | OK | |
r-patched-linux-x86_64 | 0.9.22 | 12.73 | 108.83 | 121.56 | OK | |
r-release-linux-x86_64 | 0.9.22 | 12.51 | 110.34 | 122.85 | OK | |
r-release-macos-arm64 | 0.9.22 | 49.00 | NOTE | |||
r-release-macos-x86_64 | 0.9.22 | 80.00 | NOTE | |||
r-release-windows-x86_64 | 0.9.22 | 33.00 | 265.00 | 298.00 | OK | |
r-oldrel-macos-arm64 | 0.9.22 | 57.00 | NOTE | |||
r-oldrel-macos-x86_64 | 0.9.22 | 96.00 | NOTE | |||
r-oldrel-windows-ix86+x86_64 | 0.9.22 | 33.00 | 444.00 | 477.00 | NOTE |
Version: 0.9.22
Check: data for non-ASCII characters
Result: NOTE
Note: found 153 marked Latin-1 strings
Note: found 108 marked UTF-8 strings
Flavors: r-devel-linux-x86_64-fedora-gcc, r-release-macos-arm64, r-release-macos-x86_64, r-oldrel-macos-arm64, r-oldrel-macos-x86_64
Version: 0.9.22
Check: R code for possible problems
Result: NOTE
Initiating curl with CURL_SSL_BACKEND: openssl
Flavor: r-oldrel-windows-ix86+x86_64