CRAN Package Check Results for Package SwimmeR

Last updated on 2022-12-08 10:53:33 CET.

Flavor Version Tinstall Tcheck Ttotal Status Flags
r-devel-linux-x86_64-debian-clang 0.13.0 14.59 220.63 235.22 NOTE
r-devel-linux-x86_64-debian-gcc 0.13.0 13.29 171.28 184.57 NOTE
r-devel-linux-x86_64-fedora-clang 0.13.0 263.82 NOTE
r-devel-linux-x86_64-fedora-gcc 0.13.0 303.77 NOTE
r-devel-windows-x86_64 0.13.0 49.00 337.00 386.00 NOTE
r-patched-linux-x86_64 0.13.0 17.18 210.07 227.25 OK
r-release-linux-x86_64 0.13.0 17.39 210.52 227.91 OK
r-release-macos-arm64 0.13.0 60.00 OK
r-release-macos-x86_64 0.13.0 97.00 OK
r-release-windows-x86_64 0.13.0 62.00 308.00 370.00 OK
r-oldrel-macos-arm64 0.13.0 71.00 OK
r-oldrel-macos-x86_64 0.13.0 91.00 OK
r-oldrel-windows-ix86+x86_64 0.13.0 35.00 289.00 324.00 OK

Check Details

Version: 0.13.0
Check: package subdirectories
Result: NOTE
    Problems with news in 'NEWS.md':
     Cannot extract version info from the following section titles:
     CRAN release
Flavors: r-devel-linux-x86_64-debian-clang, r-devel-linux-x86_64-debian-gcc, r-devel-linux-x86_64-fedora-clang, r-devel-linux-x86_64-fedora-gcc, r-devel-windows-x86_64