CRAN Package Check Results for Package SurvHiDim

Last updated on 2022-12-02 10:51:39 CET.

Flavor Version Tinstall Tcheck Ttotal Status Flags
r-devel-linux-x86_64-debian-clang 0.1.1 19.81 162.97 182.78 OK
r-devel-linux-x86_64-debian-gcc 0.1.1 14.50 120.75 135.25 OK
r-devel-linux-x86_64-fedora-clang 0.1.1 232.11 NOTE
r-devel-linux-x86_64-fedora-gcc 0.1.1 235.97 NOTE
r-devel-windows-x86_64 0.1.1 23.00 186.00 209.00 OK
r-patched-linux-x86_64 0.1.1 18.33 150.20 168.53 OK
r-release-linux-x86_64 0.1.1 17.44 154.26 171.70 OK
r-release-macos-arm64 0.1.1 57.00 NOTE
r-release-macos-x86_64 0.1.1 97.00 NOTE
r-release-windows-x86_64 0.1.1 23.00 188.00 211.00 OK
r-oldrel-macos-arm64 0.1.1 64.00 NOTE
r-oldrel-macos-x86_64 0.1.1 70.00 NOTE
r-oldrel-windows-ix86+x86_64 0.1.1 42.00 186.00 228.00 OK

Check Details

Version: 0.1.1
Check: dependencies in R code
Result: NOTE
    Namespace in Imports field not imported from: ‘readr’
     All declared Imports should be used.
Flavors: r-devel-linux-x86_64-fedora-clang, r-devel-linux-x86_64-fedora-gcc, r-release-macos-arm64, r-release-macos-x86_64, r-oldrel-macos-arm64, r-oldrel-macos-x86_64