CRAN Package Check Results for Package SurfaceTortoise

Last updated on 2022-11-27 09:53:41 CET.

Flavor Version Tinstall Tcheck Ttotal Status Flags
r-devel-linux-x86_64-debian-clang 1.0.2 31.70 278.69 310.39 NOTE
r-devel-linux-x86_64-debian-gcc 1.0.2 27.67 208.67 236.34 NOTE
r-devel-linux-x86_64-fedora-clang 1.0.2 395.03 NOTE
r-devel-linux-x86_64-fedora-gcc 1.0.2 417.33 NOTE
r-devel-windows-x86_64 1.0.2 34.00 329.00 363.00 NOTE
r-patched-linux-x86_64 1.0.2 25.69 278.93 304.62 NOTE
r-release-linux-x86_64 1.0.2 21.78 277.25 299.03 NOTE
r-release-macos-arm64 1.0.2 73.00 NOTE
r-release-macos-x86_64 1.0.2 104.00 NOTE
r-release-windows-x86_64 1.0.2 28.00 279.00 307.00 NOTE
r-oldrel-macos-arm64 1.0.2 40.00 NOTE
r-oldrel-macos-x86_64 1.0.2 70.00 NOTE
r-oldrel-windows-ix86+x86_64 1.0.2 68.00 289.00 357.00 NOTE

Check Details

Version: 1.0.2
Check: LazyData
Result: NOTE
     'LazyData' is specified without a 'data' directory
Flavors: r-devel-linux-x86_64-debian-clang, r-devel-linux-x86_64-debian-gcc, r-devel-linux-x86_64-fedora-clang, r-devel-linux-x86_64-fedora-gcc, r-devel-windows-x86_64, r-patched-linux-x86_64, r-release-linux-x86_64, r-release-macos-arm64, r-release-macos-x86_64, r-release-windows-x86_64, r-oldrel-macos-arm64, r-oldrel-macos-x86_64, r-oldrel-windows-ix86+x86_64