Last updated on 2023-10-04 10:23:07 CEST.
Flavor | Version | Tinstall | Tcheck | Ttotal | Status | Flags |
---|---|---|---|---|---|---|
r-devel-linux-x86_64-debian-clang | 1.3 | 3.25 | 412.92 | 416.17 | NOTE | |
r-devel-linux-x86_64-debian-gcc | 1.3 | 3.43 | 294.37 | 297.80 | NOTE | |
r-devel-linux-x86_64-fedora-clang | 1.3 | 503.89 | NOTE | |||
r-devel-linux-x86_64-fedora-gcc | 1.3 | 521.91 | NOTE | |||
r-devel-windows-x86_64 | 1.3 | 5.00 | 531.00 | 536.00 | NOTE | |
r-patched-linux-x86_64 | 1.3 | 4.20 | 388.94 | 393.14 | OK | |
r-release-linux-x86_64 | 1.3 | 3.41 | 394.27 | 397.68 | OK | |
r-release-macos-arm64 | 1.3 | 177.00 | OK | |||
r-release-macos-x86_64 | 1.3 | 316.00 | OK | |||
r-release-windows-x86_64 | 1.3 | 7.00 | 642.00 | 649.00 | OK | |
r-oldrel-macos-arm64 | 1.3 | 131.00 | OK | |||
r-oldrel-macos-x86_64 | 1.3 | 188.00 | OK | |||
r-oldrel-windows-x86_64 | 1.3 | 7.00 | 421.00 | 428.00 | OK |
Version: 1.3
Check: Rd metadata
Result: NOTE
Invalid package aliases in Rd file 'StructFDR-package.Rd':
‘TreeFDR-package’
Flavors: r-devel-linux-x86_64-debian-clang, r-devel-linux-x86_64-debian-gcc, r-devel-linux-x86_64-fedora-clang, r-devel-linux-x86_64-fedora-gcc, r-devel-windows-x86_64