CRAN Package Check Results for Package Statsomat

Last updated on 2022-01-28 10:53:29 CET.

Flavor Version Tinstall Tcheck Ttotal Status Flags
r-devel-linux-x86_64-debian-clang 1.1.0 3.38 30.60 33.98 OK
r-devel-linux-x86_64-debian-gcc 1.1.0 2.42 24.11 26.53 OK
r-devel-linux-x86_64-fedora-clang 1.1.0 42.89 NOTE
r-devel-linux-x86_64-fedora-gcc 1.1.0 29.66 NOTE
r-devel-windows-x86_64-new-UL 1.1.0 278.00 55.00 333.00 NOTE
r-devel-windows-x86_64-new-TK 1.1.0 ERROR
r-patched-linux-x86_64 1.1.0 2.77 29.07 31.84 OK
r-release-linux-x86_64 1.1.0 3.14 28.42 31.56 OK
r-release-macos-arm64 1.1.0 NOTE
r-release-macos-x86_64 1.1.0 NOTE
r-release-windows-ix86+x86_64 1.1.0 10.00 199.00 209.00 NOTE
r-oldrel-macos-x86_64 1.1.0 NOTE
r-oldrel-windows-ix86+x86_64 1.1.0 10.00 38.00 48.00 NOTE

Check Details

Version: 1.1.0
Check: installed package size
Result: NOTE
     installed size is 6.3Mb
     sub-directories of 1Mb or more:
     shiny-apps 6.2Mb
Flavors: r-devel-linux-x86_64-fedora-clang, r-devel-windows-x86_64-new-UL, r-release-macos-arm64, r-release-macos-x86_64, r-release-windows-ix86+x86_64, r-oldrel-macos-x86_64, r-oldrel-windows-ix86+x86_64

Version: 1.1.0
Check: dependencies in R code
Result: NOTE
    Namespaces in Imports field not imported from:
     ‘DDoutlier’ ‘car’ ‘corrplot’ ‘data.table’ ‘energy’ ‘ggplot2’
     ‘gridExtra’ ‘kableExtra’ ‘knitr’ ‘readr’ ‘reshape2’ ‘rmarkdown’
     ‘shinydisconnect’
     All declared Imports should be used.
Flavors: r-devel-linux-x86_64-fedora-clang, r-devel-linux-x86_64-fedora-gcc, r-release-macos-arm64, r-release-macos-x86_64, r-oldrel-macos-x86_64

Version: 1.1.0
Check: package dependencies
Result: ERROR
    Package required but not available: 'car'
    
    Packages suggested but not available for checking:
     'semPlot', 'FactoMineR', 'FactoInvestigate', 'factoextra',
     'onewaytests'
    
    See section 'The DESCRIPTION file' in the 'Writing R Extensions'
    manual.
Flavor: r-devel-windows-x86_64-new-TK