Last updated on 2023-01-27 10:50:30 CET.
Flavor | Version | Tinstall | Tcheck | Ttotal | Status | Flags |
---|---|---|---|---|---|---|
r-devel-linux-x86_64-debian-clang | 1.1.0 | 555.88 | 205.56 | 761.44 | NOTE | |
r-devel-linux-x86_64-debian-gcc | 1.1.0 | 526.69 | 177.10 | 703.79 | NOTE | |
r-devel-linux-x86_64-fedora-clang | 1.1.0 | 1019.21 | NOTE | |||
r-devel-linux-x86_64-fedora-gcc | 1.1.0 | 1180.57 | NOTE | |||
r-devel-windows-x86_64 | 1.1.0 | 399.00 | 305.00 | 704.00 | NOTE | |
r-patched-linux-x86_64 | 1.1.0 | 510.67 | 227.41 | 738.08 | NOTE | |
r-release-linux-x86_64 | 1.1.0 | 436.39 | 218.43 | 654.82 | NOTE | |
r-release-macos-arm64 | 1.1.0 | 225.00 | NOTE | |||
r-release-macos-x86_64 | 1.1.0 | 360.00 | NOTE | |||
r-release-windows-x86_64 | 1.1.0 | 364.00 | 298.00 | 662.00 | NOTE | |
r-oldrel-macos-arm64 | 1.1.0 | 196.00 | NOTE | |||
r-oldrel-macos-x86_64 | 1.1.0 | 359.00 | NOTE | |||
r-oldrel-windows-ix86+x86_64 | 1.1.0 | 1279.00 | 371.00 | 1650.00 | NOTE |
Version: 1.1.0
Check: for GNU extensions in Makefiles
Result: NOTE
GNU make is a SystemRequirements.
Flavors: r-devel-linux-x86_64-debian-clang, r-devel-linux-x86_64-debian-gcc, r-devel-linux-x86_64-fedora-clang, r-devel-linux-x86_64-fedora-gcc, r-devel-windows-x86_64, r-patched-linux-x86_64, r-release-linux-x86_64, r-release-macos-arm64, r-release-macos-x86_64, r-release-windows-x86_64, r-oldrel-macos-arm64, r-oldrel-macos-x86_64, r-oldrel-windows-ix86+x86_64
Version: 1.1.0
Check: C++ specification
Result: NOTE
Specified C++14: please update to current default of C++17
Flavors: r-devel-linux-x86_64-debian-gcc, r-devel-linux-x86_64-fedora-gcc
Version: 1.1.0
Check: installed package size
Result: NOTE
installed size is 6.9Mb
sub-directories of 1Mb or more:
libs 6.0Mb
Flavors: r-devel-linux-x86_64-fedora-clang, r-devel-windows-x86_64, r-release-macos-arm64, r-release-macos-x86_64, r-release-windows-x86_64, r-oldrel-macos-arm64, r-oldrel-macos-x86_64, r-oldrel-windows-ix86+x86_64
Version: 1.1.0
Check: dependencies in R code
Result: NOTE
Namespaces in Imports field not imported from:
‘RcppParallel’ ‘httr’ ‘latex2exp’ ‘rstantools’ ‘tibble’ ‘tidyverse’
‘utils’
All declared Imports should be used.
Flavors: r-devel-linux-x86_64-fedora-clang, r-devel-linux-x86_64-fedora-gcc, r-release-macos-arm64, r-release-macos-x86_64, r-oldrel-macos-arm64, r-oldrel-macos-x86_64