CRAN Package Check Results for Package StanHeaders

Last updated on 2022-09-30 10:54:04 CEST.

Flavor Version Tinstall Tcheck Ttotal Status Flags
r-devel-linux-x86_64-debian-clang 2.21.0-7 32.27 492.33 524.60 OK
r-devel-linux-x86_64-debian-gcc 2.21.0-7 22.85 398.94 421.79 OK
r-devel-linux-x86_64-fedora-clang 2.21.0-7 637.01 NOTE
r-devel-linux-x86_64-fedora-gcc 2.21.0-7 679.99 OK
r-devel-windows-x86_64 2.21.0-7 2503.00 631.00 3134.00 NOTE
r-patched-linux-x86_64 2.21.0-7 27.55 487.10 514.65 OK
r-release-linux-x86_64 2.21.0-7 23.42 490.10 513.52 OK
r-release-macos-arm64 2.21.0-7 144.00 NOTE
r-release-macos-x86_64 2.21.0-7 193.00 NOTE
r-release-windows-x86_64 2.21.0-7 315.00 544.00 859.00 NOTE
r-oldrel-macos-arm64 2.21.0-7 174.00 NOTE
r-oldrel-macos-x86_64 2.21.0-7 304.00 NOTE
r-oldrel-windows-ix86+x86_64 2.21.0-7 105.00 642.00 747.00 NOTE

Check Details

Version: 2.21.0-7
Check: installed package size
Result: NOTE
     installed size is 11.8Mb
     sub-directories of 1Mb or more:
     include 10.7Mb
Flavors: r-devel-linux-x86_64-fedora-clang, r-devel-windows-x86_64, r-release-macos-arm64, r-release-macos-x86_64, r-release-windows-x86_64, r-oldrel-macos-arm64, r-oldrel-macos-x86_64, r-oldrel-windows-ix86+x86_64