Last updated on 2025-01-19 11:49:19 CET.
Flavor | Version | Tinstall | Tcheck | Ttotal | Status | Flags |
---|---|---|---|---|---|---|
r-devel-linux-x86_64-debian-clang | 1.0.5 | 75.75 | 27.94 | 103.69 | NOTE | |
r-devel-linux-x86_64-debian-gcc | 1.0.5 | 54.49 | 22.15 | 76.64 | NOTE | |
r-devel-linux-x86_64-fedora-clang | 1.0.5 | 201.73 | NOTE | |||
r-devel-linux-x86_64-fedora-gcc | 1.0.5 | 219.48 | NOTE | |||
r-devel-windows-x86_64 | 1.0.5 | 85.00 | 67.00 | 152.00 | NOTE | |
r-patched-linux-x86_64 | 1.0.5 | 71.05 | 26.16 | 97.21 | OK | |
r-release-linux-x86_64 | 1.0.5 | 74.08 | 25.90 | 99.98 | OK | |
r-release-macos-arm64 | 1.0.5 | 48.00 | NOTE | |||
r-release-macos-x86_64 | 1.0.5 | 59.00 | NOTE | |||
r-release-windows-x86_64 | 1.0.5 | 80.00 | 68.00 | 148.00 | NOTE | |
r-oldrel-macos-arm64 | 1.0.5 | 58.00 | NOTE | |||
r-oldrel-macos-x86_64 | 1.0.5 | 100.00 | NOTE | |||
r-oldrel-windows-x86_64 | 1.0.5 | 90.00 | 78.00 | 168.00 | NOTE |
Version: 1.0.5
Check: top-level files
Result: NOTE
possible bashism in configure.ac line 36 (should be 'b = a'):
if test "$ac_cv_header_stdint_h" == yes; then
possible bashism in configure.ac line 50 (should be 'b = a'):
if test "$ac_cv_header_inttypes_h" == yes; then
Flavors: r-devel-linux-x86_64-debian-clang, r-devel-linux-x86_64-debian-gcc, r-devel-linux-x86_64-fedora-clang, r-devel-linux-x86_64-fedora-gcc
Version: 1.0.5
Check: C++ specification
Result: NOTE
Specified C++11: please drop specification unless essential
Flavors: r-devel-windows-x86_64, r-release-windows-x86_64, r-oldrel-windows-x86_64
Version: 1.0.5
Check: installed package size
Result: NOTE
installed size is 5.1Mb
sub-directories of 1Mb or more:
libs 5.0Mb
Flavors: r-release-macos-arm64, r-release-macos-x86_64, r-oldrel-macos-arm64, r-oldrel-macos-x86_64