CRAN Package Check Results for Package SphericalCubature

Last updated on 2023-12-05 10:51:29 CET.

Flavor Version Tinstall Tcheck Ttotal Status Flags
r-devel-linux-x86_64-debian-clang 1.5 6.09 64.87 70.96 NOTE
r-devel-linux-x86_64-debian-gcc 1.5 4.88 47.41 52.29 NOTE
r-devel-linux-x86_64-fedora-clang 1.5 87.37 OK
r-devel-linux-x86_64-fedora-gcc 1.5 83.35 OK
r-devel-windows-x86_64 1.5 6.00 66.00 72.00 OK
r-patched-linux-x86_64 1.5 4.63 62.18 66.81 OK
r-release-linux-x86_64 1.5 4.48 61.66 66.14 OK
r-release-macos-arm64 1.5 26.00 OK
r-release-macos-x86_64 1.5 40.00 OK
r-release-windows-x86_64 1.5 8.00 74.00 82.00 OK
r-oldrel-macos-arm64 1.5 24.00 OK
r-oldrel-macos-x86_64 1.5 37.00 OK
r-oldrel-windows-x86_64 1.5 9.00 79.00 88.00 OK

Check Details

Version: 1.5
Check: Rd files
Result: NOTE checkRd: (-1) adaptIntegrateSpherePolar.Rd:14: Lost braces 14 | code{adaptIntegrateBallPolar()} will likely miss these abrupt changes and give | ^ Flavors: r-devel-linux-x86_64-debian-clang, r-devel-linux-x86_64-debian-gcc