Last updated on 2022-06-24 09:52:57 CEST.
Flavor | Version | Tinstall | Tcheck | Ttotal | Status | Flags |
---|---|---|---|---|---|---|
r-devel-linux-x86_64-debian-clang | 1.1 | 7.29 | 186.95 | 194.24 | OK | |
r-devel-linux-x86_64-debian-gcc | 1.1 | 6.25 | 133.02 | 139.27 | OK | |
r-devel-linux-x86_64-fedora-clang | 1.1 | 246.15 | WARN | |||
r-devel-linux-x86_64-fedora-gcc | 1.1 | 230.76 | WARN | |||
r-devel-windows-x86_64 | 1.1 | 24.00 | 240.00 | 264.00 | OK | |
r-patched-linux-x86_64 | 1.1 | 7.80 | 173.79 | 181.59 | OK | |
r-release-linux-x86_64 | 1.1 | 7.00 | 177.99 | 184.99 | OK | |
r-release-macos-arm64 | 1.1 | 70.00 | OK | |||
r-release-macos-x86_64 | 1.1 | 107.00 | OK | |||
r-release-windows-x86_64 | 1.1 | 27.00 | 241.00 | 268.00 | OK | |
r-oldrel-macos-arm64 | 1.1 | 79.00 | OK | |||
r-oldrel-macos-x86_64 | 1.1 | 111.00 | OK | |||
r-oldrel-windows-ix86+x86_64 | 1.1 | 20.00 | 90.00 | 110.00 | OK |
Version: 1.1
Check: package dependencies
Result: WARN
Requires (indirectly) orphaned package: ‘gtools’
Flavors: r-devel-linux-x86_64-fedora-clang, r-devel-linux-x86_64-fedora-gcc