Last updated on 2022-07-05 10:49:05 CEST.
Flavor | Version | Tinstall | Tcheck | Ttotal | Status | Flags |
---|---|---|---|---|---|---|
r-devel-linux-x86_64-debian-clang | 0.8.2 | 2.67 | 53.64 | 56.31 | NOTE | |
r-devel-linux-x86_64-debian-gcc | 0.8.2 | 2.06 | 38.01 | 40.07 | NOTE | |
r-devel-linux-x86_64-fedora-clang | 0.8.2 | 77.80 | NOTE | |||
r-devel-linux-x86_64-fedora-gcc | 0.8.2 | 78.16 | NOTE | |||
r-devel-windows-x86_64 | 0.8.2 | 42.00 | 90.00 | 132.00 | NOTE | |
r-patched-linux-x86_64 | 0.8.2 | 3.24 | 51.45 | 54.69 | NOTE | |
r-release-linux-x86_64 | 0.8.2 | 2.67 | 51.16 | 53.83 | NOTE | |
r-release-macos-arm64 | 0.8.2 | 26.00 | NOTE | |||
r-release-macos-x86_64 | 0.8.2 | 40.00 | NOTE | |||
r-release-windows-x86_64 | 0.8.2 | 52.00 | 85.00 | 137.00 | NOTE | |
r-oldrel-macos-arm64 | 0.8.2 | 33.00 | NOTE | |||
r-oldrel-macos-x86_64 | 0.8.2 | 51.00 | NOTE | |||
r-oldrel-windows-ix86+x86_64 | 0.8.2 | 5.00 | 76.00 | 81.00 | NOTE |
Version: 0.8.2
Check: DESCRIPTION meta-information
Result: NOTE
Malformed Description field: should contain one or more complete sentences.
Flavors: r-devel-linux-x86_64-debian-clang, r-devel-linux-x86_64-debian-gcc, r-devel-linux-x86_64-fedora-clang, r-devel-linux-x86_64-fedora-gcc, r-devel-windows-x86_64, r-patched-linux-x86_64, r-release-linux-x86_64, r-release-macos-arm64, r-release-macos-x86_64, r-release-windows-x86_64, r-oldrel-macos-arm64, r-oldrel-macos-x86_64, r-oldrel-windows-ix86+x86_64