CRAN Package Check Results for Package SoupX

Last updated on 2022-12-02 10:51:38 CET.

Flavor Version Tinstall Tcheck Ttotal Status Flags
r-devel-linux-x86_64-debian-clang 1.6.2 75.71 318.15 393.86 OK
r-devel-linux-x86_64-debian-gcc 1.6.2 66.02 235.99 302.01 OK
r-devel-linux-x86_64-fedora-clang 1.6.2 520.44 NOTE
r-devel-linux-x86_64-fedora-gcc 1.6.2 521.26 OK
r-devel-windows-x86_64 1.6.2 97.00 353.00 450.00 NOTE
r-patched-linux-x86_64 1.6.2 68.46 299.52 367.98 OK
r-release-linux-x86_64 1.6.2 62.19 299.80 361.99 OK
r-release-macos-arm64 1.6.2 193.00 NOTE
r-release-macos-x86_64 1.6.2 207.00 NOTE
r-release-windows-x86_64 1.6.2 92.00 367.00 459.00 NOTE
r-oldrel-macos-arm64 1.6.2 223.00 NOTE
r-oldrel-macos-x86_64 1.6.2 202.00 NOTE
r-oldrel-windows-ix86+x86_64 1.6.2 126.00 346.00 472.00 NOTE

Check Details

Version: 1.6.2
Check: installed package size
Result: NOTE
     installed size is 5.8Mb
     sub-directories of 1Mb or more:
     data 3.9Mb
     doc 1.0Mb
Flavors: r-devel-linux-x86_64-fedora-clang, r-devel-windows-x86_64, r-release-macos-arm64, r-release-macos-x86_64, r-release-windows-x86_64, r-oldrel-macos-arm64, r-oldrel-macos-x86_64, r-oldrel-windows-ix86+x86_64

Version: 1.6.2
Check: package dependencies
Result: NOTE
    Package suggested but not available for checking: ‘DropletUtils’
Flavors: r-release-macos-arm64, r-release-macos-x86_64, r-oldrel-macos-arm64, r-oldrel-macos-x86_64