CRAN Package Check Results for Package SimInf

Last updated on 2022-11-28 09:50:57 CET.

Flavor Version Tinstall Tcheck Ttotal Status Flags
r-devel-linux-x86_64-debian-clang 9.3.1 25.31 294.20 319.51 OK
r-devel-linux-x86_64-debian-gcc 9.3.1 24.27 249.42 273.69 OK
r-devel-linux-x86_64-fedora-clang 9.3.1 397.40 OK
r-devel-linux-x86_64-fedora-gcc 9.3.1 390.26 OK
r-devel-windows-x86_64 9.3.1 104.00 382.00 486.00 OK
r-patched-linux-x86_64 9.3.1 26.72 264.92 291.64 OK
r-release-linux-x86_64 9.3.1 25.25 268.36 293.61 OK
r-release-macos-arm64 9.3.1 118.00 NOTE
r-release-macos-x86_64 9.3.1 169.00 NOTE
r-release-windows-x86_64 9.3.1 112.00 369.00 481.00 OK
r-oldrel-macos-arm64 9.3.1 118.00 NOTE
r-oldrel-macos-x86_64 9.3.1 167.00 NOTE
r-oldrel-windows-ix86+x86_64 9.3.1 74.00 536.00 610.00 NOTE

Check Details

Version: 9.3.1
Check: installed package size
Result: NOTE
     installed size is 6.3Mb
     sub-directories of 1Mb or more:
     data 1.9Mb
     libs 2.8Mb
Flavors: r-release-macos-arm64, r-release-macos-x86_64, r-oldrel-macos-arm64, r-oldrel-macos-x86_64, r-oldrel-windows-ix86+x86_64