CRAN Package Check Results for Package SimCorrMix

Last updated on 2022-11-29 09:52:26 CET.

Flavor Version Tinstall Tcheck Ttotal Status Flags
r-devel-linux-x86_64-debian-clang 0.1.1 20.06 257.05 277.11 NOTE
r-devel-linux-x86_64-debian-gcc 0.1.1 17.22 186.05 203.27 NOTE
r-devel-linux-x86_64-fedora-clang 0.1.1 343.68 NOTE
r-devel-linux-x86_64-fedora-gcc 0.1.1 331.66 NOTE
r-devel-windows-x86_64 0.1.1 56.00 275.00 331.00 NOTE
r-patched-linux-x86_64 0.1.1 14.24 235.22 249.46 NOTE
r-release-linux-x86_64 0.1.1 13.52 225.47 238.99 NOTE
r-release-macos-arm64 0.1.1 81.00 NOTE
r-release-macos-x86_64 0.1.1 151.00 NOTE
r-release-windows-x86_64 0.1.1 51.00 268.00 319.00 NOTE
r-oldrel-macos-arm64 0.1.1 116.00 NOTE
r-oldrel-macos-x86_64 0.1.1 172.00 NOTE
r-oldrel-windows-ix86+x86_64 0.1.1 41.00 282.00 323.00 NOTE

Check Details

Version: 0.1.1
Check: LazyData
Result: NOTE
     'LazyData' is specified without a 'data' directory
Flavors: r-devel-linux-x86_64-debian-clang, r-devel-linux-x86_64-debian-gcc, r-devel-linux-x86_64-fedora-clang, r-devel-linux-x86_64-fedora-gcc, r-devel-windows-x86_64, r-patched-linux-x86_64, r-release-linux-x86_64, r-release-macos-arm64, r-release-macos-x86_64, r-release-windows-x86_64, r-oldrel-macos-arm64, r-oldrel-macos-x86_64, r-oldrel-windows-ix86+x86_64

Version: 0.1.1
Check: dependencies in R code
Result: NOTE
    Namespaces in Imports field not imported from:
     ‘MASS’ ‘grid’
     All declared Imports should be used.
Flavors: r-devel-linux-x86_64-fedora-clang, r-devel-linux-x86_64-fedora-gcc, r-release-macos-arm64, r-release-macos-x86_64, r-oldrel-macos-arm64, r-oldrel-macos-x86_64

Version: 0.1.1
Check: Rd cross-references
Result: NOTE
    Undeclared packages ‘GenOrd’, ‘PoisNor’ in Rd xrefs
Flavor: r-devel-linux-x86_64-fedora-clang