CRAN Package Check Results for Package SignifReg

Last updated on 2022-01-27 09:49:46 CET.

Flavor Version Tinstall Tcheck Ttotal Status Flags
r-devel-linux-x86_64-debian-clang 4.2 2.65 38.42 41.07 OK
r-devel-linux-x86_64-debian-gcc 4.2 2.35 30.69 33.04 OK
r-devel-linux-x86_64-fedora-clang 4.2 52.68 OK
r-devel-linux-x86_64-fedora-gcc 4.2 41.19 OK
r-devel-windows-x86_64-new-UL 4.2 17.00 63.00 80.00 OK
r-devel-windows-x86_64-new-TK 4.2 ERROR
r-patched-linux-x86_64 4.2 2.77 38.19 40.96 OK
r-release-linux-x86_64 4.2 2.35 38.33 40.68 OK
r-release-macos-arm64 4.2 OK
r-release-macos-x86_64 4.2 OK
r-release-windows-ix86+x86_64 4.2 8.00 48.00 56.00 OK
r-oldrel-macos-x86_64 4.2 OK
r-oldrel-windows-ix86+x86_64 4.2 8.00 47.00 55.00 OK

Check Details

Version: 4.2
Check: package dependencies
Result: ERROR
    Package required but not available: 'car'
    
    See section 'The DESCRIPTION file' in the 'Writing R Extensions'
    manual.
Flavor: r-devel-windows-x86_64-new-TK