CRAN Package Check Results for Package SigTree

Last updated on 2021-11-29 09:52:52 CET.

Flavor Version Tinstall Tcheck Ttotal Status Flags
r-devel-linux-x86_64-debian-clang 1.10.6 NOTE
r-devel-linux-x86_64-debian-gcc 1.10.6 26.15 211.84 237.99 NOTE
r-devel-linux-x86_64-fedora-clang 1.10.6 394.06 NOTE
r-devel-linux-x86_64-fedora-gcc 1.10.6 382.05 NOTE
r-devel-windows-x86_64-new-UL 1.10.6 54.00 359.00 413.00 OK
r-devel-windows-x86_64-new-TK 1.10.6 OK
r-devel-windows-x86_64-old 1.10.6 40.00 326.00 366.00 OK
r-patched-linux-x86_64 1.10.6 26.80 266.12 292.92 NOTE
r-patched-solaris-x86 1.10.6 558.10 NOTE
r-release-linux-x86_64 1.10.6 33.62 268.68 302.30 NOTE
r-release-macos-arm64 1.10.6 OK
r-release-macos-x86_64 1.10.6 OK
r-release-windows-ix86+x86_64 1.10.6 72.00 299.00 371.00 OK
r-oldrel-macos-x86_64 1.10.6 OK
r-oldrel-windows-ix86+x86_64 1.10.6 72.00 396.00 468.00 OK

Check Details

Version: 1.10.6
Check: for non-standard things in the check directory
Result: NOTE
    Found the following files/directories:
     'ExportFigtree1.tre'
Flavors: r-devel-linux-x86_64-debian-clang, r-devel-linux-x86_64-debian-gcc, r-devel-linux-x86_64-fedora-clang, r-devel-linux-x86_64-fedora-gcc, r-patched-linux-x86_64, r-patched-solaris-x86, r-release-linux-x86_64