CRAN Package Check Results for Package STRMPS

Last updated on 2022-11-29 09:52:27 CET.

Flavor Version Tinstall Tcheck Ttotal Status Flags
r-devel-linux-x86_64-debian-clang 0.5.8 42.06 432.01 474.07 NOTE
r-devel-linux-x86_64-debian-gcc 0.5.8 38.47 319.48 357.95 NOTE
r-devel-linux-x86_64-fedora-clang 0.5.8 625.71 NOTE
r-devel-linux-x86_64-fedora-gcc 0.5.8 629.06 NOTE
r-devel-windows-x86_64 0.5.8 68.00 438.00 506.00 NOTE
r-patched-linux-x86_64 0.5.8 45.16 405.13 450.29 NOTE
r-release-linux-x86_64 0.5.8 35.40 406.68 442.08 NOTE
r-release-macos-arm64 0.5.8 142.00 NOTE
r-release-macos-x86_64 0.5.8 242.00 NOTE
r-release-windows-x86_64 0.5.8 61.00 439.00 500.00 NOTE
r-oldrel-macos-arm64 0.5.8 191.00 NOTE
r-oldrel-macos-x86_64 0.5.8 280.00 NOTE
r-oldrel-windows-ix86+x86_64 0.5.8 95.00 418.00 513.00 NOTE

Check Details

Version: 0.5.8
Check: package dependencies
Result: NOTE
    Package suggested but not available for checking: 'STRaitRazoR'
Flavors: r-devel-linux-x86_64-debian-clang, r-devel-linux-x86_64-debian-gcc, r-devel-linux-x86_64-fedora-clang, r-devel-linux-x86_64-fedora-gcc, r-devel-windows-x86_64, r-patched-linux-x86_64, r-release-linux-x86_64, r-release-macos-arm64, r-release-macos-x86_64, r-release-windows-x86_64, r-oldrel-macos-arm64, r-oldrel-macos-x86_64, r-oldrel-windows-ix86+x86_64