CRAN Package Check Results for Package SSP

Last updated on 2025-01-19 11:49:19 CET.

Flavor Version Tinstall Tcheck Ttotal Status Flags
r-devel-linux-x86_64-debian-clang 1.0.1 9.57 109.55 119.12 NOTE
r-devel-linux-x86_64-debian-gcc 1.0.1 7.57 75.21 82.78 NOTE
r-devel-linux-x86_64-fedora-clang 1.0.1 191.18 OK
r-devel-linux-x86_64-fedora-gcc 1.0.1 207.05 OK
r-devel-windows-x86_64 1.0.1 10.00 117.00 127.00 NOTE
r-patched-linux-x86_64 1.0.1 12.84 100.61 113.45 OK
r-release-linux-x86_64 1.0.1 8.93 100.22 109.15 OK
r-release-macos-arm64 1.0.1 59.00 OK
r-release-macos-x86_64 1.0.1 86.00 OK
r-release-windows-x86_64 1.0.1 10.00 113.00 123.00 OK
r-oldrel-macos-arm64 1.0.1 60.00 OK
r-oldrel-macos-x86_64 1.0.1 94.00 OK
r-oldrel-windows-x86_64 1.0.1 12.00 145.00 157.00 OK

Check Details

Version: 1.0.1
Check: Rd cross-references
Result: NOTE Found the following Rd file(s) with Rd \link{} targets missing package anchors: plot_ssp.Rd: ggplot2 Please provide package anchors for all Rd \link{} targets not in the package itself and the base packages. Flavors: r-devel-linux-x86_64-debian-clang, r-devel-linux-x86_64-debian-gcc, r-devel-windows-x86_64