Last updated on 2022-06-27 09:50:27 CEST.
Flavor | Version | Tinstall | Tcheck | Ttotal | Status | Flags |
---|---|---|---|---|---|---|
r-devel-linux-x86_64-debian-clang | 1.4 | 17.29 | 147.58 | 164.87 | OK | |
r-devel-linux-x86_64-debian-gcc | 1.4 | 12.85 | 107.15 | 120.00 | OK | |
r-devel-linux-x86_64-fedora-clang | 1.4 | 202.50 | NOTE | |||
r-devel-linux-x86_64-fedora-gcc | 1.4 | 197.14 | NOTE | |||
r-devel-windows-x86_64 | 1.4 | 45.00 | 170.00 | 215.00 | OK | |
r-patched-linux-x86_64 | 1.4 | 20.61 | 135.27 | 155.88 | OK | |
r-release-linux-x86_64 | 1.4 | 10.92 | 137.80 | 148.72 | OK | |
r-release-macos-arm64 | 1.4 | 57.00 | NOTE | |||
r-release-macos-x86_64 | 1.4 | 91.00 | NOTE | |||
r-release-windows-x86_64 | 1.4 | 47.00 | 170.00 | 217.00 | OK | |
r-oldrel-macos-arm64 | 1.4 | 56.00 | NOTE | |||
r-oldrel-macos-x86_64 | 1.4 | 68.00 | NOTE | |||
r-oldrel-windows-ix86+x86_64 | 1.4 | 38.00 | 165.00 | 203.00 | OK |
Version: 1.4
Check: dependencies in R code
Result: NOTE
Namespaces in Imports field not imported from:
‘spatstat’ ‘spatstat.data’ ‘spatstat.linnet’ ‘spatstat.sparse’
‘spatstat.utils’ ‘testthat’
All declared Imports should be used.
Flavors: r-devel-linux-x86_64-fedora-clang, r-devel-linux-x86_64-fedora-gcc, r-release-macos-arm64, r-release-macos-x86_64, r-oldrel-macos-arm64, r-oldrel-macos-x86_64