CRAN Package Check Results for Package SPARSEMODr

Last updated on 2022-12-08 10:53:33 CET.

Flavor Version Tinstall Tcheck Ttotal Status Flags
r-devel-linux-x86_64-debian-clang 1.2.0 26.73 628.53 655.26 OK
r-devel-linux-x86_64-debian-gcc 1.2.0 23.19 513.29 536.48 OK
r-devel-linux-x86_64-fedora-clang 1.2.0 806.38 NOTE
r-devel-linux-x86_64-fedora-gcc 1.2.0 888.95 NOTE
r-devel-windows-x86_64 1.2.0 42.00 785.00 827.00 OK
r-patched-linux-x86_64 1.2.0 28.19 670.53 698.72 OK
r-release-linux-x86_64 1.2.0 20.65 652.03 672.68 OK
r-release-macos-arm64 1.2.0 292.00 NOTE
r-release-macos-x86_64 1.2.0 337.00 NOTE
r-release-windows-x86_64 1.2.0 43.00 774.00 817.00 OK
r-oldrel-macos-arm64 1.2.0 295.00 NOTE
r-oldrel-macos-x86_64 1.2.0 342.00 NOTE
r-oldrel-windows-ix86+x86_64 1.2.0 70.00 902.00 972.00 OK

Check Details

Version: 1.2.0
Check: dependencies in R code
Result: NOTE
    Namespaces in Imports field not imported from:
     ‘future’ ‘geosphere’ ‘lubridate’ ‘tidyverse’ ‘viridis’
     All declared Imports should be used.
Flavors: r-devel-linux-x86_64-fedora-clang, r-devel-linux-x86_64-fedora-gcc, r-release-macos-arm64, r-release-macos-x86_64, r-oldrel-macos-arm64, r-oldrel-macos-x86_64