CRAN Package Check Results for Package SNPknock

Last updated on 2022-12-05 09:51:32 CET.

Flavor Version Tinstall Tcheck Ttotal Status Flags
r-devel-linux-x86_64-debian-clang 0.8.2 70.49 216.42 286.91 OK
r-devel-linux-x86_64-debian-gcc 0.8.2 59.52 148.85 208.37 OK
r-devel-linux-x86_64-fedora-clang 0.8.2 387.78 OK
r-devel-linux-x86_64-fedora-gcc 0.8.2 388.53 OK
r-devel-windows-x86_64 0.8.2 139.00 247.00 386.00 OK
r-patched-linux-x86_64 0.8.2 67.39 194.70 262.09 OK
r-release-linux-x86_64 0.8.2 64.71 210.77 275.48 OK
r-release-macos-arm64 0.8.2 99.00 NOTE
r-release-macos-x86_64 0.8.2 121.00 NOTE
r-release-windows-x86_64 0.8.2 80.00 270.00 350.00 OK
r-oldrel-macos-arm64 0.8.2 112.00 NOTE
r-oldrel-macos-x86_64 0.8.2 181.00 NOTE
r-oldrel-windows-ix86+x86_64 0.8.2 196.00 466.00 662.00 NOTE

Check Details

Version: 0.8.2
Check: installed package size
Result: NOTE
     installed size is 6.3Mb
     sub-directories of 1Mb or more:
     extdata 3.1Mb
     libs 2.9Mb
Flavors: r-release-macos-arm64, r-release-macos-x86_64, r-oldrel-macos-arm64, r-oldrel-macos-x86_64, r-oldrel-windows-ix86+x86_64