CRAN Package Check Results for Package SITH

Last updated on 2022-12-04 09:55:30 CET.

Flavor Version Tinstall Tcheck Ttotal Status Flags
r-devel-linux-x86_64-debian-clang 1.1.0 51.95 66.60 118.55 OK
r-devel-linux-x86_64-debian-gcc 1.1.0 36.05 52.00 88.05 OK
r-devel-linux-x86_64-fedora-clang 1.1.0 182.50 OK
r-devel-linux-x86_64-fedora-gcc 1.1.0 203.62 NOTE
r-devel-windows-x86_64 1.1.0 49.00 122.00 171.00 OK
r-patched-linux-x86_64 1.1.0 42.63 64.15 106.78 OK
r-release-linux-x86_64 1.1.0 39.40 64.53 103.93 OK
r-release-macos-arm64 1.1.0 43.00 OK
r-release-macos-x86_64 1.1.0 63.00 OK
r-release-windows-x86_64 1.1.0 49.00 129.00 178.00 OK
r-oldrel-macos-arm64 1.1.0 49.00 OK
r-oldrel-macos-x86_64 1.1.0 99.00 OK
r-oldrel-windows-ix86+x86_64 1.1.0 121.00 134.00 255.00 OK

Check Details

Version: 1.1.0
Check: for detritus in the temp directory
Result: NOTE
    Found the following files/directories:
     ‘Crashpad’
Flavor: r-devel-linux-x86_64-fedora-gcc