CRAN Package Check Results for Package SCEPtERbinary

Last updated on 2024-07-14 09:51:28 CEST.

Flavor Version Tinstall Tcheck Ttotal Status Flags
r-devel-linux-x86_64-debian-clang 0.1-1 3.51 28.55 32.06 OK
r-devel-linux-x86_64-debian-gcc 0.1-1 2.62 22.06 24.68 OK
r-devel-linux-x86_64-fedora-clang 0.1-1 41.11 NOTE
r-devel-linux-x86_64-fedora-gcc 0.1-1 42.28 NOTE
r-devel-windows-x86_64 0.1-1 5.00 51.00 56.00 OK
r-patched-linux-x86_64 0.1-1 2.48 27.12 29.60 OK
r-release-linux-x86_64 0.1-1 2.61 27.33 29.94 OK
r-release-macos-arm64 0.1-1 19.00 OK
r-release-macos-x86_64 0.1-1 28.00 OK
r-release-windows-x86_64 0.1-1 6.00 51.00 57.00 OK
r-oldrel-macos-arm64 0.1-1 19.00 OK
r-oldrel-macos-x86_64 0.1-1 24.00 OK
r-oldrel-windows-x86_64 0.1-1 6.00 51.00 57.00 OK

Check Details

Version: 0.1-1
Check: compiled code
Result: NOTE File ‘SCEPtERbinary/libs/SCEPtERbinary.so’: Found no calls to: ‘R_registerRoutines’, ‘R_useDynamicSymbols’ It is good practice to register native routines and to disable symbol search. See ‘Writing portable packages’ in the ‘Writing R Extensions’ manual. Flavors: r-devel-linux-x86_64-fedora-clang, r-devel-linux-x86_64-fedora-gcc