Last updated on 2023-03-27 09:50:26 CEST.
Flavor | Version | Tinstall | Tcheck | Ttotal | Status | Flags |
---|---|---|---|---|---|---|
r-devel-linux-x86_64-debian-clang | 1.0.0 | 23.60 | 218.61 | 242.21 | OK | |
r-devel-linux-x86_64-debian-gcc | 1.0.0 | 18.68 | 160.09 | 178.77 | OK | |
r-devel-linux-x86_64-fedora-clang | 1.0.0 | 297.06 | NOTE | |||
r-devel-linux-x86_64-fedora-gcc | 1.0.0 | 311.47 | NOTE | |||
r-devel-windows-x86_64 | 1.0.0 | 50.00 | 256.00 | 306.00 | OK | |
r-patched-linux-x86_64 | 1.0.0 | 19.03 | 203.51 | 222.54 | OK | |
r-release-linux-x86_64 | 1.0.0 | 18.04 | 199.26 | 217.30 | OK | |
r-release-macos-arm64 | 1.0.0 | 74.00 | NOTE | |||
r-release-macos-x86_64 | 1.0.0 | 112.00 | NOTE | |||
r-release-windows-x86_64 | 1.0.0 | 50.00 | 277.00 | 327.00 | OK | |
r-oldrel-macos-arm64 | 1.0.0 | 75.00 | NOTE | |||
r-oldrel-macos-x86_64 | 1.0.0 | 111.00 | NOTE | |||
r-oldrel-windows-ix86+x86_64 | 1.0.0 | 62.00 | 303.00 | 365.00 | OK |
Version: 1.0.0
Check: data for non-ASCII characters
Result: NOTE
Note: found 37 marked Latin-1 strings
Note: found 172 marked UTF-8 strings
Flavors: r-devel-linux-x86_64-fedora-clang, r-devel-linux-x86_64-fedora-gcc, r-release-macos-arm64, r-release-macos-x86_64, r-oldrel-macos-arm64, r-oldrel-macos-x86_64