Last updated on 2023-06-05 09:54:12 CEST.
Flavor | Version | Tinstall | Tcheck | Ttotal | Status | Flags |
---|---|---|---|---|---|---|
r-devel-linux-x86_64-debian-clang | 1.2 | 11.60 | 93.04 | 104.64 | OK | |
r-devel-linux-x86_64-debian-gcc | 1.2 | 9.57 | 69.78 | 79.35 | OK | |
r-devel-linux-x86_64-fedora-clang | 1.2 | 134.83 | NOTE | |||
r-devel-linux-x86_64-fedora-gcc | 1.2 | 125.21 | NOTE | |||
r-devel-windows-x86_64 | 1.2 | 10.00 | 90.00 | 100.00 | OK | |
r-patched-linux-x86_64 | 1.2 | 10.36 | 87.92 | 98.28 | OK | |
r-release-linux-x86_64 | 1.2 | 10.37 | 88.26 | 98.63 | OK | |
r-release-macos-arm64 | 1.2 | 50.00 | OK | |||
r-release-macos-x86_64 | 1.2 | 62.00 | OK | |||
r-release-windows-x86_64 | 1.2 | 13.00 | 106.00 | 119.00 | OK | |
r-oldrel-macos-arm64 | 1.2 | 46.00 | NOTE | |||
r-oldrel-macos-x86_64 | 1.2 | 43.00 | NOTE | |||
r-oldrel-windows-x86_64 | 1.2 | 13.00 | 93.00 | 106.00 | OK |
Version: 1.2
Check: dependencies in R code
Result: NOTE
Namespaces in Imports field not imported from:
‘R6’ ‘mgcv’
All declared Imports should be used.
Flavors: r-devel-linux-x86_64-fedora-clang, r-devel-linux-x86_64-fedora-gcc, r-oldrel-macos-arm64, r-oldrel-macos-x86_64