CRAN Package Check Results for Package Ryacas0

Last updated on 2022-12-09 10:00:33 CET.

Flavor Version Tinstall Tcheck Ttotal Status Flags
r-devel-linux-x86_64-debian-clang 0.4.3 90.65 117.21 207.86 OK
r-devel-linux-x86_64-debian-gcc 0.4.3 79.55 88.70 168.25 OK
r-devel-linux-x86_64-fedora-clang 0.4.3 321.29 OK
r-devel-linux-x86_64-fedora-gcc 0.4.3 299.32 OK
r-devel-windows-x86_64 0.4.3 193.00 188.00 381.00 OK
r-patched-linux-x86_64 0.4.3 79.73 110.75 190.48 OK
r-release-linux-x86_64 0.4.3 80.49 101.66 182.15 OK
r-release-macos-arm64 0.4.3 75.00 NOTE
r-release-macos-x86_64 0.4.3 121.00 NOTE
r-release-windows-x86_64 0.4.3 190.00 193.00 383.00 OK
r-oldrel-macos-arm64 0.4.3 98.00 NOTE
r-oldrel-macos-x86_64 0.4.3 168.00 NOTE
r-oldrel-windows-ix86+x86_64 0.4.3 238.00 189.00 427.00 OK

Check Details

Version: 0.4.3
Check: installed package size
Result: NOTE
     installed size is 9.9Mb
     sub-directories of 1Mb or more:
     libs 8.2Mb
     yacas 1.3Mb
Flavors: r-release-macos-arm64, r-release-macos-x86_64, r-oldrel-macos-arm64, r-oldrel-macos-x86_64